oes 30 divide 1011?
False
Is 3 a factor of 17?
False
Is 49 a factor of 1421?
True
Is 164 a multiple of 51?
False
Does 7 divide 525?
True
Does 17 divide 1363?
False
Is 145612 a multiple of 118?
True
Does 21 divide 2437?
False
Is 12740 a multiple of 178?
False
Does 5 divide 3365?
True
Is 779 a multiple of 22?
False
Is 672 a multiple of 24?
True
Does 28 divide 24663?
False
Is 19 a factor of 16487?
False
Is 15416 a multiple of 94?
True
Does 31 divide 899?
True
Is 30 a factor of 330?
True
Does 19 divide 25242?
False
Is 100 a factor of 8000?
True
Is 23 a factor of 4018?
False
Is 17 a factor of 35798?
False
Does 23 divide 19692?
False
Is 4 a factor of 6192?
True
Is 3 a factor of 159?
True
Is 95 a factor of 3713?
False
Is 12 a factor of 1977?
False
Is 13 a factor of 354?
False
Is 16 a factor of 1688?
False
Is 304 a multiple of 38?
True
Does 10 divide 2686?
False
Is 899 a multiple of 31?
True
Is 38 a factor of 13264?
False
Does 20 divide 100?
True
Is 53785 a multiple of 4?
False
Is 11228 a multiple of 28?
True
Is 359 a multiple of 6?
False
Does 24 divide 384?
True
Does 21 divide 310?
False
Does 31 divide 80732?
False
Is 7 a factor of 1414?
True
Is 27 a factor of 2565?
True
Is 1537 a multiple of 53?
True
Does 6 divide 6209?
False
Is 12985 a multiple of 4?
False
Does 19 divide 5445?
False
Does 16 divide 88527?
False
Does 56 divide 27086?
False
Does 74 divide 5081?
False
Is 156 a multiple of 4?
True
Does 3 divide 116?
False
Is 30245 a multiple of 23?
True
Does 13 divide 11549?
False
Does 34 divide 6862?
False
Does 5 divide 2205?
True
Is 43 a factor of 1817?
False
Is 137 a multiple of 15?
False
Is 398 a multiple of 11?
False
Does 54 divide 16956?
True
Does 12 divide 67?
False
Is 45 a factor of 54?
False
Does 2 divide 301?
False
Is 1203 a multiple of 123?
False
Is 11 a factor of 3718?
True
Is 750 a multiple of 50?
True
Does 51 divide 306?
True
Is 1731 a multiple of 31?
False
Is 167 a multiple of 18?
False
Is 20076 a multiple of 42?
True
Is 9 a factor of 4509?
True
Does 38 divide 802?
False
Is 21 a factor of 3726?
False
Is 84 a multiple of 4?
True
Is 224 a multiple of 28?
True
Does 8 divide 84003?
False
Is 5 a factor of 10?
True
Is 24 a factor of 264?
True
Does 214 divide 10700?
True
Is 910 a multiple of 13?
True
Does 17 divide 783?
False
Does 5 divide 49?
False
Is 865 a multiple of 70?
False
Does 77 divide 3234?
True
Is 1672 a multiple of 11?
True
Is 1077 a multiple of 8?
False
Is 15 a factor of 2880?
True
Is 126 a multiple of 4?
False
Is 46 a factor of 100?
False
Is 61 a factor of 488?
True
Does 22 divide 2451?
False
Is 37 a factor of 5328?
True
Is 117 even?
False
Is 98 a factor of 13124?
False
Does 96 divide 29760?
True
Does 7 divide 952?
True
Does 8 divide 966?
False
Does 14 divide 80?
False
Does 88 divide 5368?
True
Does 11 divide 19217?
True
Is 23 a factor of 14007?
True
Does 9 divide 15080?
False
Is 3 a factor of 46?
False
Is 3220 a multiple of 23?
True
Is 13608 a multiple of 186?
False
Is 19 a factor of 156370?
True
Does 7 divide 22246?
True
Is 1704 a multiple of 29?
False
Is 53564 a multiple of 14?
True
Does 8 divide 470?
False
Does 2 divide 304?
True
Does 333 divide 109042?
False
Does 10 divide 320?
True
Is 1570 a multiple of 66?
False
Does 45 divide 7633?
False
Is 181 a multiple of 4?
False
Is 5632 a multiple of 10?
False
Is 1714 a multiple of 62?
False
Is 2300 a multiple of 10?
True
Is 662 a multiple of 10?
False
Does 12 divide 22149?
False
Does 7 divide 973?
True
Is 86 a factor of 2322?
True
Is 179 a factor of 29978?
False
Does 3 divide 4158?
True
Is 13 a factor of 4251?
True
Is 8176 a multiple of 56?
True
Does 34 divide 18611?
False
Is 52 a factor of 3236?
False
Is 8 a factor of 4528?
True
Is 122 a factor of 6606?
False
Does 32 divide 13861?
False
Is 3136 a multiple of 16?
True
Is 14 a factor of 854?
True
Is 37 a factor of 1145?
False
Does 60 divide 56875?
False
Does 12 divide 268?
False
Is 5 a factor of 847?
False
Is 6 a factor of 24?
True
Is 6496 a multiple of 11?
False
Does 39 divide 2468?
False
Is 14 a factor of 410?
False
Does 76 divide 8338?
False
Is 36 a factor of 3937?
False
Is 12 a factor of 62922?
False
Is 56192 a multiple of 75?
False
Is 203 a multiple of 7?
True
Does 145 divide 8700?
True
Is 9 a factor of 51?
False
Is 59187 a multiple of 447?
False
Does 5 divide 40?
True
Is 54 a factor of 939?
False
Is 825 a multiple of 15?
True
Is 13772 a multiple of 237?
False
Is 1245 a multiple of 2?
False
Is 4 a factor of 623?
False
Is 25 a factor of 3350?
True
Does 10 divide 350?
True
Is 58956 a multiple of 8?
False
Is 1588 a multiple of 4?
True
Is 67 a factor of 743?
False
Is 882 a multiple of 63?
True
Does 8 divide 7720?
True
Is 44 a factor of 4532?
True
Is 3 even?
False
Is 274 a multiple of 87?
False
Does 65 divide 154120?
False
Is 2373 a multiple of 64?
False
Is 3528 a multiple of 8?
True
Is 5 a factor of 48966?
False
Is 24 a factor of 43364?
False
Does 177 divide 5281?
False
Is 68 a factor of 68?
True
Is 2800 a multiple of 13?
False
Does 65 divide 1755?
True
Is 8 a factor of 7816?
True
Is 10 a factor of 140?
True
Is 30 a factor of 2280?
True
Is 24 a factor of 264?
True
Is 3039 a multiple of 3?
True
Is 1140 a multiple of 60?
True
Does 10 divide 7551?
False
Does 14 divide 18200?
True
Is 23 a multiple of 23?
True
Does 83 divide 3569?
True
Does 95 divide 11588?
False
Is 46 a factor of 3345?
False
Is 35170 a multiple of 52?
False
Does 27 divide 584?
False
Is 612 a multiple of 12?
True
Is 108 a factor of 85644?
True
Is 44 a factor of 23628?
True
Is 161 a multiple of 5?
False
Is 124 a factor of 5642?
False
Does 8 divide 560?
True
Does 29 divide 119886?
True
Is 5 a factor of 225?
True
Does 20 divide 4311?
False
Does 15 divide 14145?
True
Is 15 a factor of 210?
True
Is 8 a factor of 1132?
False
Is 24 a factor of 5546?
False
Is 57 a factor of 399?
True
Is 49 a factor of 27244?
True
Is 422 a multiple of 16?
False
Does 27 divide 1350?
True
Is 732 a multiple of 26?
False
Is 8177 a multiple of 12?
False
Is 5 a factor of 3169?
False
Does 193 divide 12159?
True
Is 7 a factor of 3923?
False
Does 112 divide 4056?
False
Is 16 a factor of 1328?
True
Is 176 a factor of 58667?
False
Does 84 divide 7625?
False
Is 20 a factor of 9220?
True
Is 14 a factor of 373?
False
Is 3 a factor of 3103?
False
Does 11 divide 1122?
True
Does 114 divide 8263?
False
Is 11 a factor of 63470?
True
Does 79 divide 4977?
True
Is 28591 a multiple of 118?
False
Is 5025 a multiple of 15?
True
Does 61 divide 5795?
True
Is 7 a factor of 5169?
False
Is 19 a factor of 178074?
False
Is 75 a factor of 1802?
False
Is 1536 a multiple of 32?
True
Is 48 a factor of 5762?
False
Is 122 even?
True
Does 16 divide 801?
False
Does 7 divide 3505?
False
Is 76 a multiple of 7?
False
Is 1613 a multiple of 26?
False
Is 204 a multiple of 6?
True
Is 14726 a multiple of 37?
True
Does 8 divide 1240?
True
Does 43 divide 17624?
False
Is 5 a factor of 96?
False
Is 104835 a multiple of 154?
False
Does 53 divide 159?
True
Is 19 a factor of 6297?
False
Is 28 a factor of 711?
False
Is 115 a factor of 4140?
True
Is 1216 a multiple of 12?
False
Is 997 a multiple of 5?
False
Is 9391 a multiple of 50?
False
Does 102 divide 30090?
True
Does 5 divide 255?
True
Is 139 a factor of 3851?
False
Is 14 a factor of 1542?
False
Is 4 a factor of 1521?
False
Is 34 a factor of 3094?
True
Is 432 a multiple of 8?
True
Is 36 a multiple of 6?
True
Is 1128 a multiple of 47?
True
Is 46 a factor of 67174?
False
Does 5 divide 513?
False
Is 7 a factor of 455?
True
Is 196 a multiple of 3?
False
Does 72 divide 1080?
True
Is 32 a factor of 480?
True
Is 80 a factor of 3523?
False
Does 18 divide 34326?
True
Does 8 divide 640?
True
Does 48 divide 240?
True
Does 84 divide 83364?
False
Is 6136 a multiple of 104?
True
Is 9278 a multiple of 4?
False
Is 17 a factor of 346?
False
Is 79 a factor of 5846?
True
Is 65 a factor of 7672?
False
Does 90 divide 1782?
False
Is 13 a factor of 4407?
True
Does 249 divide 39591?
True
Is 5 a factor of 1025?
True
Does 12 divide 7203?
False
Is 31 a multiple of 3?
False
Does 23 divide 22443?
False
Does 15 divide 18?
False
Does 16 divide 1184?
True
Is 2299 a multiple of 2?
False
Is 3438 a multiple of 6?
True
Is 2700 a multiple of 20?
True
Is 46 a factor of 2058?
False
Is 33 a factor of 48806?
False
Is 63 a factor of 698